ighest common factor of 7448 and 257288808.
392
What is the greatest common divisor of 100795 and 8778?
19
What is the greatest common divisor of 1213295 and 45?
5
Calculate the greatest common factor of 1100 and 2377689600.
1100
Calculate the greatest common divisor of 366 and 2643044478.
366
Calculate the highest common divisor of 22442768 and 608.
16
What is the greatest common divisor of 7087 and 32965?
19
Calculate the greatest common factor of 152812 and 3496.
92
Calculate the highest common factor of 138604806 and 3186.
1062
What is the highest common factor of 3385109 and 637?
91
Calculate the greatest common divisor of 120 and 63980340.
60
Calculate the greatest common divisor of 323466 and 22011.
957
Calculate the highest common factor of 7996 and 3810917588.
7996
What is the greatest common divisor of 23967828 and 60?
12
Calculate the highest common factor of 39 and 14597193.
39
What is the highest common factor of 366 and 72462?
6
Calculate the greatest common divisor of 175270 and 7990.
170
What is the greatest common factor of 82278 and 424847024?
9142
Calculate the greatest common divisor of 192 and 86948.
4
What is the greatest common divisor of 17720 and 51828785?
2215
Calculate the highest common factor of 620 and 91121710.
310
What is the highest common divisor of 453161452 and 136?
68
What is the highest common factor of 72272 and 476?
4
Calculate the highest common divisor of 24 and 376334888.
8
What is the greatest common factor of 3900805391 and 103?
103
What is the highest common divisor of 93134718 and 108?
54
Calculate the highest common divisor of 98 and 23842.
14
What is the greatest common factor of 975 and 103604670?
195
What is the highest common divisor of 180983 and 5764?
11
What is the highest common factor of 7255 and 1179663?
1451
Calculate the highest common divisor of 5829 and 33998034.
87
Calculate the highest common divisor of 65925596 and 44.
44
Calculate the highest common divisor of 2690 and 1089393510.
2690
Calculate the greatest common factor of 266 and 41886298.
38
What is the greatest common factor of 46254450 and 78540?
5610
Calculate the highest common divisor of 251760 and 190.
10
What is the greatest common divisor of 1070685 and 11655?
315
What is the highest common factor of 54 and 388897713?
27
What is the greatest common factor of 2507288 and 56?
56
Calculate the highest common divisor of 24871 and 1076236.
2261
What is the highest common divisor of 119072 and 12704?
32
Calculate the highest common divisor of 352 and 860530704.
176
What is the greatest common divisor of 6546 and 53915038?
2182
Calculate the greatest common divisor of 59297 and 394.
197
What is the highest common factor of 192 and 4164708?
12
Calculate the greatest common factor of 29252220 and 780.
60
What is the greatest common factor of 13 and 1737415849?
13
Calculate the highest common factor of 228 and 322375508.
76
Calculate the highest common factor of 6851 and 3807575.
527
What is the highest common factor of 4288151 and 8477?
1211
Calculate the highest common divisor of 23624505 and 13395.
285
What is the highest common divisor of 8949 and 35279941?
2983
Calculate the highest common factor of 58 and 9464498.
58
What is the highest common divisor of 733333944 and 168?
168
Calculate the highest common factor of 31950 and 31098.
426
What is the greatest common factor of 49867575 and 21905?
1685
What is the greatest common divisor of 4192 and 1726496?
32
Calculate the highest common factor of 940 and 710828.
188
Calculate the greatest common factor of 37908 and 6233292.
468
What is the highest common divisor of 55287360 and 2528?
2528
What is the highest common divisor of 40879905 and 3?
3
Calculate the greatest common factor of 172600 and 2825.
25
Calculate the highest common divisor of 22122968 and 167732.
8828
Calculate the highest common factor of 1773358 and 404.
202
Calculate the greatest common divisor of 71162 and 12857.
299
Calculate the highest common divisor of 20646200 and 75.
25
Calculate the greatest common factor of 80 and 581866320.
80
Calculate the highest common divisor of 3825 and 24664275.
225
Calculate the greatest common factor of 216737880 and 366.
366
Calculate the highest common factor of 49 and 171698303.
49
Calculate the highest common divisor of 678851 and 6175.
19
What is the greatest common factor of 443292 and 18258?
102
What is the highest common factor of 105800942 and 13?
13
Calculate the highest common factor of 520044 and 114.
6
Calculate the greatest common divisor of 64736584 and 232.
232
What is the highest common factor of 85197 and 526512?
21
Calculate the highest common divisor of 64150 and 228400.
50
What is the highest common factor of 222652863 and 2817?
2817
What is the highest common divisor of 6750 and 7897041?
27
Calculate the highest common divisor of 106 and 763965161.
53
Calculate the highest common divisor of 24944780 and 14.
14
Calculate the greatest common factor of 11742477 and 5133.
87
Calculate the greatest common divisor of 92950286 and 44.
22
Calculate the greatest common factor of 93527 and 36204.
3017
What is the highest common factor of 6271254 and 836?
418
Calculate the greatest common divisor of 8962596 and 1054.
62
Calculate the greatest common factor of 29 and 72315241.
29
Calculate the greatest common factor of 292 and 11738400.
292
Calculate the greatest common factor of 21 and 471091782.
21
Calculate the greatest common factor of 1044 and 8561148.
348
Calculate the greatest common factor of 14434 and 254212.
14
Calculate the greatest common divisor of 9701 and 124600.
89
Calculate the greatest common divisor of 464535888 and 40.
8
Calculate the highest common factor of 390 and 37646700.
390
What is the highest common divisor of 36022 and 7316?
62
What is the greatest common divisor of 61077590 and 14?
14
Calculate the highest common factor of 976851 and 111960.
2799
What is the highest common factor of 97085417 and 1353?
451
Calculate the highest common factor of 133432 and 9672.
104
What is the greatest common factor of 2993988 and 312?
12
What is the highest common factor of 37110194 and 110?
22
Calculate the greatest common factor of 1 and 22211459.
1
What is the greatest common divisor of 1428 and 25862865?
357
Calculate the greatest common factor of 81658955 and 3710.
1855
What is the greatest common factor of 55900653 and 453?
453
Calculate the highest common divisor of 70179 and 141699.
447
What is the greatest common divisor of 213101 and 2757266?
4349
What is the greatest common divisor of 7014 and 396453491?
1169
What is the greatest common factor of 200 and 1260760?
40
Calculate the highest common factor of 1189581330 and 1470.
1470
Calculate the highest common factor of 1537189 and 7624.
953
What is the highest common divisor of 2415 and 218145?
15
What is the greatest common divisor of 105315 and 2127720?
1785
Calculate the greatest common factor of 22 and 30084813.
11
What is the greatest common factor of 212 and 150363120?
212
What is the greatest common factor of 5384 and 5425053?
673
Calculate the highest common divisor of 8782732 and 469.
7
What is the greatest common factor of 6922 and 10960987?
3461
Calculate the highest common divisor of 19368 and 351864.
72
Calculate the highest common factor of 2587 and 243568637.
2587
Calculate the highest common divisor of 102 and 1029589173.
51
Calculate the highest common factor of 7800 and 926575.
325
Calculate the greatest common factor of 338390 and 2810.
10
What is the highest common divisor of 16141640 and 29480?
2680
What is the greatest common divisor of 3282 and 160366178?
1094
Calculate the highest common divisor of 10925 and 7171975.
575
What is the highest common divisor of 616 and 122446808?
88
What is the highest common factor of 908 and 24450?
2
What is the highest common divisor of 394937 and 1819?
107
Calculate the greatest common divisor of 235135 and 29543.
31
What is the greatest common divisor of 39735 and 13130?
5
What is the highest common divisor of 12207 and 137481?
3
Calculate the highest common divisor of 703708832 and 96.
32
Calculate the greatest common divisor of 4679346 and 387.
129
Calculate the greatest common factor of 80774 and 46.
2
Calculate the grea